{"id":79107,"date":"2026-08-31T16:03:26","date_gmt":"2026-08-31T16:03:26","guid":{"rendered":"https:\/\/lifandi.it\/property\/ueber-den-daechern-von-gries-eine-wohnung-mit-loftcharakter\/"},"modified":"2026-08-31T12:46:49","modified_gmt":"2026-08-31T12:46:49","slug":"ueber-den-daechern-von-gries-eine-wohnung-mit-loftcharakter","status":"publish","type":"property","link":"https:\/\/lifandi.it\/de\/property\/ueber-den-daechern-von-gries-eine-wohnung-mit-loftcharakter\/","title":{"rendered":"\u00dcber den D\u00e4chern von Gries \u2013 eine Wohnung mit Loftcharakter"},"content":{"rendered":"<p>Ref.Nr: A008<\/p>\n<p>In einer der gefragtesten Wohnlagen von Gries befindet sich diese 2-Zimmerwohnung im Dachgeschoss.<br \/>\nMan betritt diese Wohnung nicht mit dem Gef\u00fchl, einen klassischen 2-Zimmergrundriss vor sich zu haben. Die Dachgeschosslage und der offene Loftcharakter verleihen ihr eine offene und helle Atmosph\u00e4re.<br \/>\nNeben dem offenen Wohnbereich verf\u00fcgt die Wohnung \u00fcber ein separates Schlafzimmer und ein Badezimmer.<br \/>\nBesonders sch\u00f6n ist die Verbindung nach drau\u00dfen. Gleich zwei Au\u00dfenbereiche geh\u00f6ren zur Wohnung: eine Terrasse mit offenem, unverbautem Blick Richtung S\u00fcdwesten und ein Balkon. Je nach Tageszeit l\u00e4sst sich so der passende Platz im Freien w\u00e4hlen.<br \/>\nDie Wohnung wurde 2015 saniert und ged\u00e4mmt, eine autonome Heizung sowie eine Klimaanlage sorgen f\u00fcr Komfort.<br \/>\nWeiters besteht die M\u00f6glichkeit, eine Garage f\u00fcr 45.000\u20ac extra zu erwerben.<br \/>\nDie Wohnung verbindet damit den besonderen Charakter einer modernen, hellen Dachgeschosswohnung mit einer Wohnlage, die seit jeher zu den gefragtesten Adressen der Stadt geh\u00f6rt.<\/p>\n","protected":false},"excerpt":{"rendered":"<p>Ref.Nr: A008 In einer der gefragtesten Wohnlagen von Gries befindet sich diese 2-Zimmerwohnung im Dachgeschoss. Man betritt diese Wohnung nicht mit dem Gef\u00fchl, einen klassischen 2-Zimmergrundriss vor sich zu haben. Die Dachgeschosslage und der offene Loftcharakter verleihen ihr eine offene und helle Atmosph\u00e4re. Neben dem offenen Wohnbereich verf\u00fcgt die Wohnung \u00fcber ein separates Schlafzimmer und [&hellip;]<\/p>\n","protected":false},"author":6,"featured_media":79108,"parent":0,"menu_order":0,"template":"","property_type":[1402,1405,2169,1462,1463],"property_status":[1478],"property_feature":[],"property_label":[2181],"property_country":[1481],"property_state":[1564],"property_city":[1948],"property_area":[1599],"class_list":["post-79107","property","type-property","status-publish","has-post-thumbnail","hentry","property_type-wohnen","property_type-wohnung","property_type-2-zimmerwohnung","property_type-wohnung-2","property_type-2-zimmerwohnung-2","property_status-verkauf","property_label-neuheiten","property_country-italien","property_state-bolzano","property_city-bozen","property_area-gries"],"property_meta":{"fave_currency":["EUR"],"fave_currency_info":[""],"fave_property_price":["375000"],"fave_property_price_postfix":["\u20ac"],"fave_property_size":["61"],"fave_property_size_prefix":["qm"],"fave_property_bedrooms":["1"],"fave_property_bathrooms":["1"],"fave_property_garage":["0"],"fave_property_map":["1"],"fave_property_id":["A008"],"fave_property_year":["1968"],"fave_property_country":["Italia"],"fave_featured":["0"],"houzez_featured_listing_date":[""],"fave_agent_display_option":["agent_info"],"fave_prop_homeslider":["no"],"fave_energy_class":["In Bearbeitung"],"fave_energy_global_index":["kWH\/m\u00b2 pro Jahr \/ j\u00e4hrlich"],"floor_plans":["a:1:{i:0;a:2:{s:15:\"fave_plan_title\";s:9:\"Grundriss\";s:15:\"fave_plan_image\";s:61:\"https:\/\/lifandi.it\/wp-content\/uploads\/2026\/08\/011__plan-1.png\";}}"],"fave_multi_units":["a:0:{}"],"additional_features":["a:0:{}"],"fave_property_map_address":[null],"fave_property_location":["46.50273,11.33467"],"houzez_geolocation_lat":["46.50273"],"houzez_geolocation_long":["11.33467"],"fave_stato-al-rogito":["non_definito"],"fave_consegna":["Ottobre 2027 + garage su accordo"],"fave_spese-condominiali":["60 \u20ac im Monat"],"fave_soggiorno":["nein"],"fave_soggiorno-con-angolo-cottura":["ja"],"fave_numero-locali":["2"],"fave_cucina":["nein"],"fave_giardino":["nein"],"fave_mansarda":["nein"],"fave_giardino-condominiale":["nein"],"fave_soffitta":["nein"],"fave_terrazzi":["1"],"fave_poggioli-balconi":["1"],"fave_sottotetto":["0"],"fave_ripostigli":["0"],"fave_mq-giardino":["0"],"fave_cantina":["nein"],"fave_piano-interrato":["nein"],"fave_piano-semi-interrato":["nein"],"fave_piano-terra":["nein"],"fave_piano-rialzato":["nein"],"fave_primo-piano":["nein"],"fave_piano-intermedio":["nein"],"fave_ultimo-piano":["ja"],"fave_piano-numero":["4"],"fave_totale-piani-edificio":["4"],"fave_totale-piani-unitc3a0":["1"],"fave_arredo":["nein"],"fave_cucina-arredata":["ja"],"fave_aria-condizionata":["nein"],"fave_caldaia-a-condensazione":["nein"],"fave_camino":["nein"],"fave_contacalorie":["nein"],"fave_predisposizione-aria-condizionata":["nein"],"fave_raffreddamento-a-pavimento":["nein"],"fave_riscaldamento-autonomo":["ja"],"fave_riscaldamento-centralizzato":["nein"],"fave_riscaldamento-semi-autonomo":["nein"],"fave_riscaldamento-termopompa":["nein"],"fave_pannelli-fotovoltaici":["nein"],"fave_pannelli-solari":["nein"],"fave_accesso-disabili":["nein"],"fave_ascensore":["nein"],"fave_nuovo":["nein"],"fave_grezzo":["nein"],"fave_stato-manutenzione":["gut"],"_wp_page_template":["default"],"fave_property_images":["79109","79111","79113","79115","79117","79119","79121","79123","79125","79127","79129"],"fave_agents":["53379"],"_alp_processed":["1788180410"],"_wpml_word_count":["187"],"_thumbnail_id":["79108"],"houzez_total_property_views":["6"],"houzez_views_by_date":["a:2:{s:10:\"08-31-2026\";i:4;s:10:\"09-01-2026\";i:2;}"],"houzez_recently_viewed":["2026-09-01 07:36:49"],"_elementor_page_assets":["a:0:{}"]},"_links":{"self":[{"href":"https:\/\/lifandi.it\/de\/wp-json\/wp\/v2\/properties\/79107","targetHints":{"allow":["GET"]}}],"collection":[{"href":"https:\/\/lifandi.it\/de\/wp-json\/wp\/v2\/properties"}],"about":[{"href":"https:\/\/lifandi.it\/de\/wp-json\/wp\/v2\/types\/property"}],"author":[{"embeddable":true,"href":"https:\/\/lifandi.it\/de\/wp-json\/wp\/v2\/users\/6"}],"version-history":[{"count":2,"href":"https:\/\/lifandi.it\/de\/wp-json\/wp\/v2\/properties\/79107\/revisions"}],"predecessor-version":[{"id":79136,"href":"https:\/\/lifandi.it\/de\/wp-json\/wp\/v2\/properties\/79107\/revisions\/79136"}],"wp:featuredmedia":[{"embeddable":true,"href":"https:\/\/lifandi.it\/de\/wp-json\/wp\/v2\/media\/79108"}],"wp:attachment":[{"href":"https:\/\/lifandi.it\/de\/wp-json\/wp\/v2\/media?parent=79107"}],"wp:term":[{"taxonomy":"property_type","embeddable":true,"href":"https:\/\/lifandi.it\/de\/wp-json\/wp\/v2\/property_type?post=79107"},{"taxonomy":"property_status","embeddable":true,"href":"https:\/\/lifandi.it\/de\/wp-json\/wp\/v2\/property_status?post=79107"},{"taxonomy":"property_feature","embeddable":true,"href":"https:\/\/lifandi.it\/de\/wp-json\/wp\/v2\/property_feature?post=79107"},{"taxonomy":"property_label","embeddable":true,"href":"https:\/\/lifandi.it\/de\/wp-json\/wp\/v2\/property_label?post=79107"},{"taxonomy":"property_country","embeddable":true,"href":"https:\/\/lifandi.it\/de\/wp-json\/wp\/v2\/property_country?post=79107"},{"taxonomy":"property_state","embeddable":true,"href":"https:\/\/lifandi.it\/de\/wp-json\/wp\/v2\/property_state?post=79107"},{"taxonomy":"property_city","embeddable":true,"href":"https:\/\/lifandi.it\/de\/wp-json\/wp\/v2\/property_city?post=79107"},{"taxonomy":"property_area","embeddable":true,"href":"https:\/\/lifandi.it\/de\/wp-json\/wp\/v2\/property_area?post=79107"}],"curies":[{"name":"wp","href":"https:\/\/api.w.org\/{rel}","templated":true}]}}

Über den Dächern von Gries – eine Wohnung mit Loftcharakter

<p>Ref.Nr: A008</p>
<p>In einer der gefragtesten Wohnlagen von Gries befindet sich diese 2-Zimmerwohnung im Dachgeschoss.<br />
Man betritt diese Wohnung nicht mit dem Gefühl, einen klassischen 2-Zimmergrundriss vor sich zu haben. Die Dachgeschosslage und der offene Loftcharakter verleihen ihr eine offene und helle Atmosphäre.<br />
Neben dem offenen Wohnbereich verfügt die Wohnung über ein separates Schlafzimmer und ein Badezimmer.<br />
Besonders schön ist die Verbindung nach draußen. Gleich zwei Außenbereiche gehören zur Wohnung: eine Terrasse mit offenem, unverbautem Blick Richtung Südwesten und ein Balkon. Je nach Tageszeit lässt sich so der passende Platz im Freien wählen.<br />
Die Wohnung wurde 2015 saniert und gedämmt, eine autonome Heizung sowie eine Klimaanlage sorgen für Komfort.<br />
Weiters besteht die Möglichkeit, eine Garage für 45.000€ extra zu erwerben.<br />
Die Wohnung verbindet damit den besonderen Charakter einer modernen, hellen Dachgeschosswohnung mit einer Wohnlage, die seit jeher zu den gefragtesten Adressen der Stadt gehört.</p>

<p>Ref.Nr: A008 In einer der gefragtesten Wohnlagen von Gries befindet sich diese 2-Zimmerwohnung im Dachgeschoss. Man betritt diese Wohnung nicht mit dem Gefühl, einen klassischen 2-Zimmergrundriss vor sich zu haben. Die Dachgeschosslage und der offene Loftcharakter verleihen ihr eine offene und helle Atmosphäre. Neben dem offenen Wohnbereich verfügt die Wohnung über ein separates Schlafzimmer und [&hellip;]</p>

kWH/m² pro Jahr / jährlich
