{"id":53132,"date":"2026-04-23T08:49:47","date_gmt":"2026-04-23T08:49:47","guid":{"rendered":"https:\/\/lifandi.it\/property\/fruchtgut-in-kurtatsch\/"},"modified":"2026-04-02T13:42:39","modified_gmt":"2026-04-02T13:42:39","slug":"fruchtgut-in-kurtatsch","status":"publish","type":"property","link":"https:\/\/lifandi.it\/de\/property\/fruchtgut-in-kurtatsch\/","title":{"rendered":"Fruchtgut in Kurtatsch"},"content":{"rendered":"<p>J2462<\/p>\n<p>In Kurtatsch, Lage \u201eIn der H\u00f6rt\u201c steht ein 35.376 m\u00b2 gro\u00dfes Obstgut zur Neuanlage zum Verkauf. Preis auf Anfrage.<\/p>\n<p>Unsere Standorte:<\/p>\n<p>Lifandi Bozen<br \/>\nMendelstra\u00dfe \/ Alte Mendelstra\u00dfe 34\/a<br \/>\n39100 Bozen<br \/>\nT +39 0471 93 48 76<\/p>\n<p>Lifandi Meran<br \/>\nM\u00fchlgraben \/ Via Fossato Molino 30<br \/>\n39012 Meran<br \/>\nT +39 0473 32 32 63<\/p>\n<p>Lifandi Auer \/ Neumarkt<br \/>\nRing \/ Largo Cesare Battisti 20<br \/>\n39044 Auer \/ Neumarkt<br \/>\nT +39 0471 81 27 60<\/p>\n<p>Lifandi Affi<br \/>\nVia Giovanni Pascoli 21<br \/>\n37010 Affi<br \/>\nT +39 0452 70 09 18<\/p>\n<p>Unsere B\u00fcros stehen Ihnen gerne f\u00fcr pers\u00f6nliche Termine und individuelle Beratungen zur Verf\u00fcgung.<br \/>\nOb Kauf oder Verkauf einer Immobilie \u2013 wir sind f\u00fcr Sie da!<\/p>\n","protected":false},"excerpt":{"rendered":"<p>J2462 In Kurtatsch, Lage \u201eIn der H\u00f6rt\u201c steht ein 35.376 m\u00b2 gro\u00dfes Obstgut zur Neuanlage zum Verkauf. Preis auf Anfrage. Unsere Standorte: Lifandi Bozen Mendelstra\u00dfe \/ Alte Mendelstra\u00dfe 34\/a 39100 Bozen T +39 0471 93 48 76 Lifandi Meran M\u00fchlgraben \/ Via Fossato Molino 30 39012 Meran T +39 0473 32 32 63 Lifandi Auer [&hellip;]<\/p>\n","protected":false},"author":6,"featured_media":53133,"parent":0,"menu_order":0,"template":"","property_type":[2042,1527,1995,1917,1904],"property_status":[1478],"property_feature":[],"property_label":[],"property_country":[1481],"property_state":[1564],"property_city":[1956],"property_area":[],"class_list":["post-53132","property","type-property","status-publish","has-post-thumbnail","hentry","property_type-weitere-kategorien","property_type-grundstueck","property_type-landwirtschaftliches-grundstueck-anbauflaeche","property_type-grundstuck","property_type-landwirtschaftsflache","property_status-verkauf","property_country-italien","property_state-bolzano","property_city-kurtatsch-an-der-weinstrase"],"property_meta":{"fave_currency":["EUR"],"fave_currency_info":[""],"fave_property_price":["0"],"fave_property_price_postfix":["\u20ac"],"fave_property_size":["35376"],"fave_property_size_prefix":["qm"],"fave_property_bedrooms":["0"],"fave_property_bathrooms":["0"],"fave_property_garage":["0"],"fave_property_map":["1"],"fave_property_id":["J2462"],"fave_property_country":["Italia"],"fave_featured":["0"],"houzez_featured_listing_date":[""],"fave_agent_display_option":["agent_info"],"fave_prop_homeslider":["no"],"fave_energy_class":["In Bearbeitung"],"fave_energy_global_index":["kWH\/m\u00b2 pro Jahr \/ j\u00e4hrlich"],"floor_plans":["a:1:{i:0;a:2:{s:15:\"fave_plan_title\";s:9:\"Grundriss\";s:15:\"fave_plan_image\";s:59:\"https:\/\/lifandi.it\/wp-content\/uploads\/2026\/01\/011__j3-1.png\";}}"],"fave_multi_units":["a:0:{}"],"additional_features":["a:0:{}"],"fave_property_map_address":[null],"fave_property_location":["46.3136052330328,11.227200743536685"],"houzez_geolocation_lat":["46.3136052330328"],"houzez_geolocation_long":["11.227200743536685"],"fave_stato-al-rogito":["non_definito"],"fave_consegna":["su richiesta"],"fave_spese-condominiali":[" \u20ac im Monat"],"fave_soggiorno":["nein"],"fave_soggiorno-con-angolo-cottura":["nein"],"fave_numero-locali":["0"],"fave_cucina":["nein"],"fave_giardino":["nein"],"fave_mansarda":["nein"],"fave_giardino-condominiale":["nein"],"fave_soffitta":["nein"],"fave_terrazzi":["0"],"fave_poggioli-balconi":["0"],"fave_sottotetto":["0"],"fave_ripostigli":["0"],"fave_mq-giardino":["0"],"fave_cantina":["nein"],"fave_piano-interrato":["nein"],"fave_piano-semi-interrato":["nein"],"fave_piano-terra":["nein"],"fave_piano-rialzato":["nein"],"fave_primo-piano":["nein"],"fave_piano-intermedio":["nein"],"fave_ultimo-piano":["nein"],"fave_piano-numero":["0"],"fave_totale-piani-edificio":["0"],"fave_totale-piani-unitc3a0":["0"],"fave_arredo":["nein"],"fave_cucina-arredata":["nein"],"fave_aria-condizionata":["nein"],"fave_caldaia-a-condensazione":["nein"],"fave_camino":["nein"],"fave_contacalorie":["nein"],"fave_predisposizione-aria-condizionata":["nein"],"fave_raffreddamento-a-pavimento":["nein"],"fave_riscaldamento-autonomo":["nein"],"fave_riscaldamento-centralizzato":["nein"],"fave_riscaldamento-semi-autonomo":["nein"],"fave_riscaldamento-termopompa":["nein"],"fave_pannelli-fotovoltaici":["nein"],"fave_pannelli-solari":["nein"],"fave_accesso-disabili":["nein"],"fave_ascensore":["nein"],"fave_nuovo":["nein"],"fave_grezzo":["nein"],"fave_stato-manutenzione":["unbekannt"],"_wp_page_template":["default"],"fave_property_images":["53134","53136","53138","53140","53142","53144","53146","53148","53150","53152","53154"],"fave_agents":["18894"],"_wpml_word_count":["94"],"houzez_total_property_views":["43"],"houzez_views_by_date":["a:18:{s:10:\"04-03-2026\";i:2;s:10:\"04-05-2026\";i:1;s:10:\"04-06-2026\";i:1;s:10:\"04-07-2026\";i:3;s:10:\"04-08-2026\";i:4;s:10:\"04-09-2026\";i:3;s:10:\"04-11-2026\";i:3;s:10:\"04-12-2026\";i:2;s:10:\"04-13-2026\";i:1;s:10:\"04-14-2026\";i:2;s:10:\"04-15-2026\";i:1;s:10:\"04-16-2026\";i:4;s:10:\"04-17-2026\";i:1;s:10:\"04-19-2026\";i:4;s:10:\"04-20-2026\";i:4;s:10:\"04-21-2026\";i:2;s:10:\"04-25-2026\";i:2;s:10:\"04-26-2026\";i:3;}"],"houzez_recently_viewed":["2026-04-26 10:39:00"],"_thumbnail_id":["53133"],"_elementor_page_assets":["a:0:{}"]},"_links":{"self":[{"href":"https:\/\/lifandi.it\/de\/wp-json\/wp\/v2\/properties\/53132","targetHints":{"allow":["GET"]}}],"collection":[{"href":"https:\/\/lifandi.it\/de\/wp-json\/wp\/v2\/properties"}],"about":[{"href":"https:\/\/lifandi.it\/de\/wp-json\/wp\/v2\/types\/property"}],"author":[{"embeddable":true,"href":"https:\/\/lifandi.it\/de\/wp-json\/wp\/v2\/users\/6"}],"version-history":[{"count":1,"href":"https:\/\/lifandi.it\/de\/wp-json\/wp\/v2\/properties\/53132\/revisions"}],"predecessor-version":[{"id":53428,"href":"https:\/\/lifandi.it\/de\/wp-json\/wp\/v2\/properties\/53132\/revisions\/53428"}],"wp:featuredmedia":[{"embeddable":true,"href":"https:\/\/lifandi.it\/de\/wp-json\/wp\/v2\/media\/53133"}],"wp:attachment":[{"href":"https:\/\/lifandi.it\/de\/wp-json\/wp\/v2\/media?parent=53132"}],"wp:term":[{"taxonomy":"property_type","embeddable":true,"href":"https:\/\/lifandi.it\/de\/wp-json\/wp\/v2\/property_type?post=53132"},{"taxonomy":"property_status","embeddable":true,"href":"https:\/\/lifandi.it\/de\/wp-json\/wp\/v2\/property_status?post=53132"},{"taxonomy":"property_feature","embeddable":true,"href":"https:\/\/lifandi.it\/de\/wp-json\/wp\/v2\/property_feature?post=53132"},{"taxonomy":"property_label","embeddable":true,"href":"https:\/\/lifandi.it\/de\/wp-json\/wp\/v2\/property_label?post=53132"},{"taxonomy":"property_country","embeddable":true,"href":"https:\/\/lifandi.it\/de\/wp-json\/wp\/v2\/property_country?post=53132"},{"taxonomy":"property_state","embeddable":true,"href":"https:\/\/lifandi.it\/de\/wp-json\/wp\/v2\/property_state?post=53132"},{"taxonomy":"property_city","embeddable":true,"href":"https:\/\/lifandi.it\/de\/wp-json\/wp\/v2\/property_city?post=53132"},{"taxonomy":"property_area","embeddable":true,"href":"https:\/\/lifandi.it\/de\/wp-json\/wp\/v2\/property_area?post=53132"}],"curies":[{"name":"wp","href":"https:\/\/api.w.org\/{rel}","templated":true}]}}

<p>J2462</p>
<p>In Kurtatsch, Lage „In der Hört“ steht ein 35.376 m² großes Obstgut zur Neuanlage zum Verkauf. Preis auf Anfrage.</p>
<p>Unsere Standorte:</p>
<p>Lifandi Bozen<br />
Mendelstraße / Alte Mendelstraße 34/a<br />
39100 Bozen<br />
T +39 0471 93 48 76</p>
<p>Lifandi Meran<br />
Mühlgraben / Via Fossato Molino 30<br />
39012 Meran<br />
T +39 0473 32 32 63</p>
<p>Lifandi Auer / Neumarkt<br />
Ring / Largo Cesare Battisti 20<br />
39044 Auer / Neumarkt<br />
T +39 0471 81 27 60</p>
<p>Lifandi Affi<br />
Via Giovanni Pascoli 21<br />
37010 Affi<br />
T +39 0452 70 09 18</p>
<p>Unsere Büros stehen Ihnen gerne für persönliche Termine und individuelle Beratungen zur Verfügung.<br />
Ob Kauf oder Verkauf einer Immobilie – wir sind für Sie da!</p>

<p>J2462 In Kurtatsch, Lage „In der Hört“ steht ein 35.376 m² großes Obstgut zur Neuanlage zum Verkauf. Preis auf Anfrage. Unsere Standorte: Lifandi Bozen Mendelstraße / Alte Mendelstraße 34/a 39100 Bozen T +39 0471 93 48 76 Lifandi Meran Mühlgraben / Via Fossato Molino 30 39012 Meran T +39 0473 32 32 63 Lifandi Auer [&hellip;]</p>

kWH/m² pro Jahr / jährlich
