{"id":51514,"date":"2026-04-23T08:50:41","date_gmt":"2026-04-23T08:50:41","guid":{"rendered":"https:\/\/lifandi.it\/property\/gewerbehalle-in-der-via-trento-2\/"},"modified":"2026-04-02T13:43:38","modified_gmt":"2026-04-02T13:43:38","slug":"gewerbehalle-in-der-via-trento","status":"publish","type":"property","link":"https:\/\/lifandi.it\/de\/property\/gewerbehalle-in-der-via-trento\/","title":{"rendered":"Gewerbehalle in der Via Trento"},"content":{"rendered":"<p>Rif.: N0666<\/p>\n<p>Nella zona industriale di Mezzolombardo, proponiamo in vendita un capannone al piano terra. L\u2019immobile offre una superficie di circa 600 m\u00b2, con un\u2019altezza di circa 6,50 metri, e comprende una piccola area uffici. Il capannone \u00e8 libero su tre lati e dispone di un piazzale esterno di circa 350 m\u00b2. Non sono previste spese condominiali.<br \/>\nPer maggiori informazioni, non esitare a contattarci!<\/p>\n<p>Se anche voi siete interessati a vendere il vostro immobile, siamo a vostra completa disposizione! Offriamo una valutazione gratuita della vostra propriet\u00e0 e consulenze senza impegno. Il nostro team dedicato vi assister\u00e0 con una consulenza esperta per rendere il processo di vendita il pi\u00f9 semplice e di successo possibile.<\/p>\n<p>Le nostre sedi:<\/p>\n<p> Lifandi Bolzano<br \/>\nVia della Mendola\/Alte Mendelstr. 34\/a<br \/>\n39100 Bolzano\/Bozen<br \/>\nT +39 0471 93 48 76<\/p>\n<p> Lifandi Merano<br \/>\nVia Fossato Molino\/M\u00fchlgraben 30<br \/>\n39012 Merano<br \/>\nT +39 0473 32 32 63<\/p>\n<p> Lifandi Egna\/Neumarkt<br \/>\nLargo Cesare Battisti\/Ring 20<br \/>\n39044 Egna\/Neumarkt<br \/>\nT +39 0471 81 27 60<\/p>\n<p> Lifandi Affi<br \/>\nVia Giovanni Pascoli Str. 21<br \/>\n37010 Affi<br \/>\nT +39 0452 70 09 18<\/p>\n<p>I nostri uffici sono a vostra disposizione per incontri e consulenze personalizzate. Che si tratti di acquistare o vendere un immobile, siamo qui per voi!<\/p>\n","protected":false},"excerpt":{"rendered":"<p>Rif.: N0666 Nella zona industriale di Mezzolombardo, proponiamo in vendita un capannone al piano terra. L\u2019immobile offre una superficie di circa 600 m\u00b2, con un\u2019altezza di circa 6,50 metri, e comprende una piccola area uffici. Il capannone \u00e8 libero su tre lati e dispone di un piazzale esterno di circa 350 m\u00b2. Non sono previste [&hellip;]<\/p>\n","protected":false},"author":6,"featured_media":55302,"parent":0,"menu_order":0,"template":"","property_type":[2040,1469],"property_status":[1478],"property_feature":[],"property_label":[],"property_country":[1481],"property_state":[1587],"property_city":[1208],"property_area":[1884],"class_list":["post-51514","property","type-property","status-publish","has-post-thumbnail","hentry","property_type-gewerbeimmobilien","property_type-gewerbehalle","property_status-verkauf","property_country-italien","property_state-trento","property_city-mezzolombardo-2","property_area-mezzolombardo"],"property_meta":{"fave_currency":["EUR"],"fave_currency_info":[""],"fave_property_price":["910000"],"fave_property_price_postfix":["\u20ac"],"fave_property_size":["650"],"fave_property_size_prefix":["qm"],"fave_property_bedrooms":["0"],"fave_property_bathrooms":["0"],"fave_property_garage":["0"],"fave_property_map":["1"],"fave_property_id":["N0666"],"fave_property_year":["1995"],"fave_property_country":["Italia"],"fave_featured":["0"],"houzez_featured_listing_date":[""],"fave_agent_display_option":["agent_info"],"fave_prop_homeslider":["no"],"fave_energy_class":["G"],"fave_energy_global_index":["kWH\/m\u00b2 pro Jahr \/ j\u00e4hrlich"],"floor_plans":["a:0:{}"],"fave_multi_units":["a:0:{}"],"additional_features":["a:0:{}"],"fave_property_map_address":[null],"fave_property_location":["46.19807206188506,11.10258490170538"],"houzez_geolocation_lat":["46.19807206188506"],"houzez_geolocation_long":["11.10258490170538"],"fave_stato-al-rogito":["libero"],"fave_consegna":["Subito"],"fave_spese-condominiali":[" \u20ac im Monat"],"fave_soggiorno":["nein"],"fave_soggiorno-con-angolo-cottura":["nein"],"fave_numero-locali":["0"],"fave_cucina":["nein"],"fave_giardino":["nein"],"fave_mansarda":["nein"],"fave_giardino-condominiale":["nein"],"fave_soffitta":["nein"],"fave_terrazzi":["0"],"fave_poggioli-balconi":["0"],"fave_sottotetto":["0"],"fave_ripostigli":["0"],"fave_mq-giardino":["0"],"fave_cantina":["nein"],"fave_piano-interrato":["nein"],"fave_piano-semi-interrato":["nein"],"fave_piano-terra":["ja"],"fave_piano-rialzato":["nein"],"fave_primo-piano":["nein"],"fave_piano-intermedio":["nein"],"fave_ultimo-piano":["nein"],"fave_piano-numero":["nicht angegeben"],"fave_totale-piani-edificio":["1"],"fave_totale-piani-unitc3a0":["0"],"fave_arredo":["ja"],"fave_cucina-arredata":["nein"],"fave_aria-condizionata":["nein"],"fave_caldaia-a-condensazione":["nein"],"fave_camino":["nein"],"fave_contacalorie":["nein"],"fave_predisposizione-aria-condizionata":["nein"],"fave_raffreddamento-a-pavimento":["nein"],"fave_riscaldamento-autonomo":["ja"],"fave_riscaldamento-centralizzato":["nein"],"fave_riscaldamento-semi-autonomo":["nein"],"fave_riscaldamento-termopompa":["nein"],"fave_pannelli-fotovoltaici":["nein"],"fave_pannelli-solari":["nein"],"fave_accesso-disabili":["nein"],"fave_ascensore":["nein"],"fave_nuovo":["nein"],"fave_grezzo":["nein"],"fave_stato-manutenzione":["gut"],"_wp_page_template":["default"],"fave_property_images":["55301","55303"],"fave_agents":["18894"],"_wpml_word_count":["197"],"houzez_total_property_views":["27"],"houzez_views_by_date":["a:14:{s:10:\"04-02-2026\";i:1;s:10:\"04-04-2026\";i:1;s:10:\"04-05-2026\";i:4;s:10:\"04-08-2026\";i:1;s:10:\"04-11-2026\";i:1;s:10:\"04-13-2026\";i:2;s:10:\"04-15-2026\";i:1;s:10:\"04-16-2026\";i:1;s:10:\"04-17-2026\";i:1;s:10:\"04-19-2026\";i:3;s:10:\"04-20-2026\";i:2;s:10:\"04-21-2026\";i:4;s:10:\"04-25-2026\";i:1;s:10:\"04-26-2026\";i:4;}"],"houzez_recently_viewed":["2026-04-26 10:22:00"],"_thumbnail_id":["55302"],"_elementor_page_assets":["a:0:{}"]},"_links":{"self":[{"href":"https:\/\/lifandi.it\/de\/wp-json\/wp\/v2\/properties\/51514","targetHints":{"allow":["GET"]}}],"collection":[{"href":"https:\/\/lifandi.it\/de\/wp-json\/wp\/v2\/properties"}],"about":[{"href":"https:\/\/lifandi.it\/de\/wp-json\/wp\/v2\/types\/property"}],"author":[{"embeddable":true,"href":"https:\/\/lifandi.it\/de\/wp-json\/wp\/v2\/users\/6"}],"version-history":[{"count":1,"href":"https:\/\/lifandi.it\/de\/wp-json\/wp\/v2\/properties\/51514\/revisions"}],"predecessor-version":[{"id":53118,"href":"https:\/\/lifandi.it\/de\/wp-json\/wp\/v2\/properties\/51514\/revisions\/53118"}],"wp:featuredmedia":[{"embeddable":true,"href":"https:\/\/lifandi.it\/de\/wp-json\/wp\/v2\/media\/55302"}],"wp:attachment":[{"href":"https:\/\/lifandi.it\/de\/wp-json\/wp\/v2\/media?parent=51514"}],"wp:term":[{"taxonomy":"property_type","embeddable":true,"href":"https:\/\/lifandi.it\/de\/wp-json\/wp\/v2\/property_type?post=51514"},{"taxonomy":"property_status","embeddable":true,"href":"https:\/\/lifandi.it\/de\/wp-json\/wp\/v2\/property_status?post=51514"},{"taxonomy":"property_feature","embeddable":true,"href":"https:\/\/lifandi.it\/de\/wp-json\/wp\/v2\/property_feature?post=51514"},{"taxonomy":"property_label","embeddable":true,"href":"https:\/\/lifandi.it\/de\/wp-json\/wp\/v2\/property_label?post=51514"},{"taxonomy":"property_country","embeddable":true,"href":"https:\/\/lifandi.it\/de\/wp-json\/wp\/v2\/property_country?post=51514"},{"taxonomy":"property_state","embeddable":true,"href":"https:\/\/lifandi.it\/de\/wp-json\/wp\/v2\/property_state?post=51514"},{"taxonomy":"property_city","embeddable":true,"href":"https:\/\/lifandi.it\/de\/wp-json\/wp\/v2\/property_city?post=51514"},{"taxonomy":"property_area","embeddable":true,"href":"https:\/\/lifandi.it\/de\/wp-json\/wp\/v2\/property_area?post=51514"}],"curies":[{"name":"wp","href":"https:\/\/api.w.org\/{rel}","templated":true}]}}

<p>Rif.: N0666</p>
<p>Nella zona industriale di Mezzolombardo, proponiamo in vendita un capannone al piano terra. L’immobile offre una superficie di circa 600 m², con un’altezza di circa 6,50 metri, e comprende una piccola area uffici. Il capannone è libero su tre lati e dispone di un piazzale esterno di circa 350 m². Non sono previste spese condominiali.<br />
Per maggiori informazioni, non esitare a contattarci!</p>
<p>Se anche voi siete interessati a vendere il vostro immobile, siamo a vostra completa disposizione! Offriamo una valutazione gratuita della vostra proprietà e consulenze senza impegno. Il nostro team dedicato vi assisterà con una consulenza esperta per rendere il processo di vendita il più semplice e di successo possibile.</p>
<p>Le nostre sedi:</p>
<p> Lifandi Bolzano<br />
Via della Mendola/Alte Mendelstr. 34/a<br />
39100 Bolzano/Bozen<br />
T +39 0471 93 48 76</p>
<p> Lifandi Merano<br />
Via Fossato Molino/Mühlgraben 30<br />
39012 Merano<br />
T +39 0473 32 32 63</p>
<p> Lifandi Egna/Neumarkt<br />
Largo Cesare Battisti/Ring 20<br />
39044 Egna/Neumarkt<br />
T +39 0471 81 27 60</p>
<p> Lifandi Affi<br />
Via Giovanni Pascoli Str. 21<br />
37010 Affi<br />
T +39 0452 70 09 18</p>
<p>I nostri uffici sono a vostra disposizione per incontri e consulenze personalizzate. Che si tratti di acquistare o vendere un immobile, siamo qui per voi!</p>

<p>Rif.: N0666 Nella zona industriale di Mezzolombardo, proponiamo in vendita un capannone al piano terra. L’immobile offre una superficie di circa 600 m², con un’altezza di circa 6,50 metri, e comprende una piccola area uffici. Il capannone è libero su tre lati e dispone di un piazzale esterno di circa 350 m². Non sono previste [&hellip;]</p>

kWH/m² pro Jahr / jährlich
